{"id":1016,"date":"2019-02-20T14:39:47","date_gmt":"2019-02-20T14:39:47","guid":{"rendered":"https:\/\/scientia-amazonia.org\/?page_id=1016"},"modified":"2019-02-20T14:39:48","modified_gmt":"2019-02-20T14:39:48","slug":"ciencias-exatas","status":"publish","type":"page","link":"https:\/\/scientia-amazonia.org\/index.php\/revisores\/ciencias-exatas\/","title":{"rendered":"Ci\u00eancias Exatas"},"content":{"rendered":"\n<table class=\"wp-block-table\"><tbody><tr><td><a href=\"http:\/\/lattes.cnpq.br\/3647300336718935\">Alex Martins Ramos&nbsp;&nbsp;<\/a><\/td><td>Qu\u00edmica ambiental<\/td><td>UFAM<\/td><\/tr><tr><td><a href=\"http:\/\/lattes.cnpq.br\/7402171956329293\">Alex Ubiratan Goossens Peloggia<\/a><\/td><td>Geologia<\/td><td>UNG<\/td><\/tr><tr><td><a href=\"http:\/\/lattes.cnpq.br\/8670247634402438\">Ant\u00f4nio Fl\u00e1vio de Carvalho\n  Alc\u00e2ntara&nbsp;&nbsp;<\/a><\/td><td>Produtos naturais<\/td><td>UFMG<\/td><\/tr><tr><td><a href=\"http:\/\/lattes.cnpq.br\/3244883861388189\">Artur de Souza Moret&nbsp;<\/a><\/td><td>Energia el\u00e9trica &#8211; biomassa<\/td><td>&nbsp;UNIR&nbsp;<\/td><\/tr><tr><td><a href=\"http:\/\/lattes.cnpq.br\/6852513231905237\">Bruno Apolo Miranda\n  Figueira&nbsp;&nbsp;<\/a><\/td><td>Arqueometria<\/td><td>UFOPA<\/td><\/tr><tr><td><a href=\"http:\/\/lattes.cnpq.br\/9086186204048260\">Daniela Martins Fernandes de\n  Oliveira<\/a><\/td><td>Qu\u00edmica de materiais<\/td><td>UEM&nbsp;<\/td><\/tr><tr><td><a href=\"http:\/\/lattes.cnpq.br\/5335872795706515\">Dominique Fernandes de Moura<\/a><\/td><td>Produtos naturais<\/td><td>UFAM<\/td><\/tr><tr><td><a href=\"http:\/\/lattes.cnpq.br\/5983123273315301\">Edson Valente Chaves<\/a><\/td><td>Qu\u00edmica ambiental<\/td><td>IFAM<\/td><\/tr><tr><td><a href=\"http:\/\/lattes.cnpq.br\/0319234986726462\">Eduardo Adriano\n  Cotta&nbsp;&nbsp;<\/a><\/td><td>Propriedades \u00f3pticas da mat\u00e9ria<\/td><td>UFAM<\/td><\/tr><tr><td><a href=\"http:\/\/lattes.cnpq.br\/7282200898786302\">Erasmo S\u00e9rgio Ferreira Pessoa\n  J\u00fanior&nbsp;&nbsp;<\/a><\/td><td>Terra preta de \u00edndio<\/td><td>UEA<\/td><\/tr><tr><td><a href=\"http:\/\/lattes.cnpq.br\/2207667092752016\">F\u00e1bio Alexandre Costa\n  Mota&nbsp;&nbsp;<\/a><\/td><td>Fitorremedia\u00e7\u00e3o<\/td><td>IFAM<\/td><\/tr><tr><td><a href=\"http:\/\/lattes.cnpq.br\/7717705393503726\">F\u00e1bio Lustosa Souza&nbsp;<\/a><\/td><td>Educa\u00e7\u00e3o qu\u00edmica e matem\u00e1tica<\/td><td>&nbsp;IFCE&nbsp;<\/td><\/tr><tr><td><a href=\"http:\/\/lattes.cnpq.br\/8572743005439397\">Felipe Barbosa Pessoa<\/a><\/td><td>Produtos naturais<\/td><td>UFAM<\/td><\/tr><tr><td><a href=\"http:\/\/lattes.cnpq.br\/0703838418805289\">Guilherme Leoc\u00e1rdio Lucena dos\n  Santos<\/a><\/td><td>Qu\u00edmica ambiental<\/td><td>UFPB<\/td><\/tr><tr><td><a href=\"http:\/\/lattes.cnpq.br\/1158096949448136\">Ilauro de Souza Lima&nbsp;<\/a><\/td><td>Qu\u00edmica ambiental e educa\u00e7\u00e3o<\/td><td>UEPB<\/td><\/tr><tr><td><a href=\"http:\/\/lattes.cnpq.br\/7274851313427808\">Iuri Bezerra de Barros&nbsp;<\/a><\/td><td>Qu\u00edmica org\u00e2nica<\/td><td>UERJ&nbsp;<\/td><\/tr><tr><td><a href=\"http:\/\/lattes.cnpq.br\/2230623095024084\">J\u00e2nio Carlos Fernandes Guedes<\/a><\/td><td>Geoecologia<\/td><td>UFC<\/td><\/tr><tr><td><a href=\"http:\/\/lattes.cnpq.br\/1047548635863594\">Jefferson Rocha de Andrade\n  Silva&nbsp;&nbsp;<\/a><\/td><td>Produtos naturais<\/td><td>UFAM<\/td><\/tr><tr><td><a href=\"http:\/\/lattes.cnpq.br\/3728071437685207\">Joab Souza dos\n  Santos&nbsp;&nbsp;<\/a><\/td><td>Instrumenta\u00e7\u00e3o anal\u00edtica<\/td><td>IFAM<\/td><\/tr><tr><td><a href=\"http:\/\/lattes.cnpq.br\/5546652961693009\">Jorge Almeida de\n  Menezes&nbsp;&nbsp;<\/a><\/td><td>Intera\u00e7\u00e3o biosfera<\/td><td>UFAM<\/td><\/tr><tr><td><a href=\"http:\/\/lattes.cnpq.br\/8091857216878149\">Jos\u00e9 Domingos Fabris&nbsp;<\/a><\/td><td>Qu\u00edmica do estado condensado.<\/td><td>UFMG&nbsp;<\/td><\/tr><tr><td><a href=\"http:\/\/lattes.cnpq.br\/1014904168887285\">Jos\u00e9 Luiz de Souza\n  Pio&nbsp;&nbsp;<\/a><\/td><td>Ci\u00eancias da computa\u00e7\u00e3o<\/td><td>UFAM<\/td><\/tr><tr><td><a href=\"http:\/\/lattes.cnpq.br\/3871066069541626\">Jos\u00e9 Ricardo de\n  Sousa&nbsp;&nbsp;<\/a><\/td><td>F\u00edsica da mat\u00e9ria condensada<\/td><td>UFAM<\/td><\/tr><tr><td><a href=\"http:\/\/lattes.cnpq.br\/3897653277960554\">Julio Cezar de Souza<\/a><\/td><td>Produtos naturais<\/td><td>INPA<\/td><\/tr><tr><td><a href=\"http:\/\/lattes.cnpq.br\/4698491030183035\">Karen Segala&nbsp;<\/a><\/td><td>Nanotecnologia<\/td><td>UFAM<\/td><\/tr><tr><td><a href=\"http:\/\/lattes.cnpq.br\/5474421431483167\">Katiuscia dos Santos de\n  Souza&nbsp;&nbsp;<\/a><\/td><td>Qu\u00edmica ambiental<\/td><td>UFAM<\/td><\/tr><tr><td><a href=\"http:\/\/lattes.cnpq.br\/6197217983130106\">Lena Simone Barata\n  Souza&nbsp;&nbsp;<\/a><\/td><td>Geof\u00edsica<\/td><td>UFRR<\/td><\/tr><tr><td><a href=\"http:\/\/lattes.cnpq.br\/2338507626943727\">Lidia Medina Ara\u00fajo&nbsp;<\/a><\/td><td>Tecnologia qu\u00edmica<\/td><td>UFAM&nbsp;<\/td><\/tr><tr><td><a href=\"http:\/\/lattes.cnpq.br\/3720461233595226\">Luis Adriano Santos do\n  Nascimento&nbsp;&nbsp;<\/a><\/td><td>Oleoqu\u00edmica<\/td><td>UFPA<\/td><\/tr><tr><td><a href=\"http:\/\/lattes.cnpq.br\/1230576231435158\">Lu\u00edza Helena de Oliveira\n  Pires&nbsp;&nbsp;<\/a><\/td><td>Cat\u00e1lise<\/td><td>UEAUFPA<\/td><\/tr><tr><td><a href=\"http:\/\/lattes.cnpq.br\/0904466257879054\">Manoel Jeronimo Moreira Cruz<\/a><\/td><td>Geologia<\/td><td>UFBA<\/td><\/tr><tr><td><a href=\"http:\/\/lattes.cnpq.br\/5961971859472768\">Maria da Paz Lima<\/a><\/td><td>Produtos naturais<\/td><td>INPA<\/td><\/tr><tr><td><a href=\"http:\/\/lattes.cnpq.br\/9299061381457390\">Maria L\u00facia Bel\u00e9m Pinheiro&nbsp;<\/a><\/td><td>Produtos naturais<\/td><td>UFAM<\/td><\/tr><tr><td><a href=\"http:\/\/lattes.cnpq.br\/9299061381457390\">Maria L\u00facia B\u00e9lem\n  Pinheiro&nbsp;<\/a><\/td><td>Produtos naturais<\/td><td>UFAM&nbsp;<\/td><\/tr><tr><td><a href=\"http:\/\/lattes.cnpq.br\/3661952638867868\">Mathias Strauss&nbsp;<\/a><\/td><td>Nanoestruturas<\/td><td>CNPEM<\/td><\/tr><tr><td><a href=\"http:\/\/lattes.cnpq.br\/3457499082138070\">Mauro Celio da Silveira Pio<\/a><\/td><td>Qu\u00edmica ambiental<\/td><td>IFAM<\/td><\/tr><tr><td><a href=\"http:\/\/lattes.cnpq.br\/6102062332483035\">Minos Martins Ad\u00e3o Neto&nbsp;<\/a><\/td><td>F\u00edsica estado s\u00f3lido<\/td><td>UFAM<\/td><\/tr><tr><td><a href=\"http:\/\/lattes.cnpq.br\/6102062332483035\">Minos Martins Ad\u00e3o\n  Neto&nbsp;&nbsp;<\/a><\/td><td>Equa\u00e7\u00e3o de estado<\/td><td>UFAM<\/td><\/tr><tr><td><a href=\"http:\/\/lattes.cnpq.br\/4964432473792729\">Rita de C\u00e1ssia Saraiva Nunomura<\/a><\/td><td>Produtos naturais<\/td><td>UFAM<\/td><\/tr><tr><td><a href=\"http:\/\/lattes.cnpq.br\/7166770916937434\">Rosa Helena Veras Mour\u00e3o&nbsp;<\/a><\/td><td>Plantas medicinais<\/td><td>UFOPA&nbsp;<\/td><\/tr><tr><td><a href=\"http:\/\/lattes.cnpq.br\/3202304089432033\">Sebastiao Milton Pinheiro da\n  Silva<\/a><\/td><td>Geologia<\/td><td>UFRN<\/td><\/tr><tr><td><a href=\"http:\/\/lattes.cnpq.br\/0581412073128121\">Valdir Florencio da Veiga\n  Junior&nbsp;&nbsp;<\/a><\/td><td>Produtos naturais<\/td><td>IME-RIO<\/td><\/tr><tr><td><a href=\"http:\/\/lattes.cnpq.br\/6883035433848810\">Vanusa Oliveira dos Santos<\/a><\/td><td>Biocombust\u00edveis<\/td><td>UFAM<\/td><\/tr><tr><td><a href=\"http:\/\/lattes.cnpq.br\/0161052060648197\">Waldireny Caldas Rocha<\/a><\/td><td>Produtos naturais<\/td><td>UFAM<\/td><\/tr><tr><td><a href=\"http:\/\/lattes.cnpq.br\/0426914526142592\">Wamber Broni de Souza&nbsp;\n  &nbsp;&nbsp;<\/a><\/td><td>Qu\u00edmica do solo<\/td><td>UFAM<\/td><\/tr><\/tbody><\/table>\n","protected":false},"excerpt":{"rendered":"<p>Alex Martins Ramos&nbsp;&nbsp; Qu\u00edmica ambiental UFAM Alex Ubiratan Goossens Peloggia Geologia UNG Ant\u00f4nio Fl\u00e1vio de Carvalho Alc\u00e2ntara&nbsp;&nbsp; Produtos naturais UFMG Artur de Souza Moret&nbsp; Energia el\u00e9trica &#8211; biomassa &nbsp;UNIR&nbsp; Bruno Apolo Miranda Figueira&nbsp;&nbsp; Arqueometria UFOPA [&hellip;]<\/p>\n","protected":false},"author":1,"featured_media":0,"parent":16,"menu_order":0,"comment_status":"closed","ping_status":"closed","template":"","meta":{"_links_to":"","_links_to_target":""},"yoast_head":"<!-- This site is optimized with the Yoast SEO plugin v20.2.1 - https:\/\/yoast.com\/wordpress\/plugins\/seo\/ -->\n<title>Ci\u00eancias Exatas - Scientia Amazonia<\/title>\n<meta name=\"robots\" content=\"index, follow, max-snippet:-1, max-image-preview:large, max-video-preview:-1\" \/>\n<link rel=\"canonical\" href=\"https:\/\/scientia-amazonia.org\/index.php\/revisores\/ciencias-exatas\/\" \/>\n<meta property=\"og:locale\" content=\"en_US\" \/>\n<meta property=\"og:type\" content=\"article\" \/>\n<meta property=\"og:title\" content=\"Ci\u00eancias Exatas - Scientia Amazonia\" \/>\n<meta property=\"og:description\" content=\"Alex Martins Ramos&nbsp;&nbsp; Qu\u00edmica ambiental UFAM Alex Ubiratan Goossens Peloggia Geologia UNG Ant\u00f4nio Fl\u00e1vio de Carvalho Alc\u00e2ntara&nbsp;&nbsp; Produtos naturais UFMG Artur de Souza Moret&nbsp; Energia el\u00e9trica &#8211; biomassa &nbsp;UNIR&nbsp; Bruno Apolo Miranda Figueira&nbsp;&nbsp; Arqueometria UFOPA [&hellip;]\" \/>\n<meta property=\"og:url\" content=\"https:\/\/scientia-amazonia.org\/index.php\/revisores\/ciencias-exatas\/\" \/>\n<meta property=\"og:site_name\" content=\"Scientia Amazonia\" \/>\n<meta property=\"article:modified_time\" content=\"2019-02-20T14:39:48+00:00\" \/>\n<meta name=\"twitter:card\" content=\"summary_large_image\" \/>\n<meta name=\"twitter:label1\" content=\"Est. reading time\" \/>\n\t<meta name=\"twitter:data1\" content=\"2 minutes\" \/>\n<script type=\"application\/ld+json\" class=\"yoast-schema-graph\">{\"@context\":\"https:\/\/schema.org\",\"@graph\":[{\"@type\":\"WebPage\",\"@id\":\"https:\/\/scientia-amazonia.org\/index.php\/revisores\/ciencias-exatas\/\",\"url\":\"https:\/\/scientia-amazonia.org\/index.php\/revisores\/ciencias-exatas\/\",\"name\":\"Ci\u00eancias Exatas - Scientia Amazonia\",\"isPartOf\":{\"@id\":\"https:\/\/scientia-amazonia.org\/#website\"},\"datePublished\":\"2019-02-20T14:39:47+00:00\",\"dateModified\":\"2019-02-20T14:39:48+00:00\",\"breadcrumb\":{\"@id\":\"https:\/\/scientia-amazonia.org\/index.php\/revisores\/ciencias-exatas\/#breadcrumb\"},\"inLanguage\":\"en-US\",\"potentialAction\":[{\"@type\":\"ReadAction\",\"target\":[\"https:\/\/scientia-amazonia.org\/index.php\/revisores\/ciencias-exatas\/\"]}]},{\"@type\":\"BreadcrumbList\",\"@id\":\"https:\/\/scientia-amazonia.org\/index.php\/revisores\/ciencias-exatas\/#breadcrumb\",\"itemListElement\":[{\"@type\":\"ListItem\",\"position\":1,\"name\":\"Home\",\"item\":\"https:\/\/scientia-amazonia.org\/\"},{\"@type\":\"ListItem\",\"position\":2,\"name\":\"Revisores\",\"item\":\"https:\/\/scientia-amazonia.org\/index.php\/revisores\/\"},{\"@type\":\"ListItem\",\"position\":3,\"name\":\"Ci\u00eancias Exatas\"}]},{\"@type\":\"WebSite\",\"@id\":\"https:\/\/scientia-amazonia.org\/#website\",\"url\":\"https:\/\/scientia-amazonia.org\/\",\"name\":\"Scientia Amazonia\",\"description\":\"Revista eletr\u00f4nica\",\"publisher\":{\"@id\":\"https:\/\/scientia-amazonia.org\/#organization\"},\"potentialAction\":[{\"@type\":\"SearchAction\",\"target\":{\"@type\":\"EntryPoint\",\"urlTemplate\":\"https:\/\/scientia-amazonia.org\/?s={search_term_string}\"},\"query-input\":\"required name=search_term_string\"}],\"inLanguage\":\"en-US\"},{\"@type\":\"Organization\",\"@id\":\"https:\/\/scientia-amazonia.org\/#organization\",\"name\":\"Scientia Amazonia\",\"url\":\"https:\/\/scientia-amazonia.org\/\",\"logo\":{\"@type\":\"ImageObject\",\"inLanguage\":\"en-US\",\"@id\":\"https:\/\/scientia-amazonia.org\/#\/schema\/logo\/image\/\",\"url\":\"https:\/\/scientia-amazonia.org\/wp-content\/uploads\/2021\/03\/logoScientia2.png\",\"contentUrl\":\"https:\/\/scientia-amazonia.org\/wp-content\/uploads\/2021\/03\/logoScientia2.png\",\"width\":934,\"height\":100,\"caption\":\"Scientia Amazonia\"},\"image\":{\"@id\":\"https:\/\/scientia-amazonia.org\/#\/schema\/logo\/image\/\"}}]}<\/script>\n<!-- \/ Yoast SEO plugin. -->","yoast_head_json":{"title":"Ci\u00eancias Exatas - Scientia Amazonia","robots":{"index":"index","follow":"follow","max-snippet":"max-snippet:-1","max-image-preview":"max-image-preview:large","max-video-preview":"max-video-preview:-1"},"canonical":"https:\/\/scientia-amazonia.org\/index.php\/revisores\/ciencias-exatas\/","og_locale":"en_US","og_type":"article","og_title":"Ci\u00eancias Exatas - Scientia Amazonia","og_description":"Alex Martins Ramos&nbsp;&nbsp; Qu\u00edmica ambiental UFAM Alex Ubiratan Goossens Peloggia Geologia UNG Ant\u00f4nio Fl\u00e1vio de Carvalho Alc\u00e2ntara&nbsp;&nbsp; Produtos naturais UFMG Artur de Souza Moret&nbsp; Energia el\u00e9trica &#8211; biomassa &nbsp;UNIR&nbsp; Bruno Apolo Miranda Figueira&nbsp;&nbsp; Arqueometria UFOPA [&hellip;]","og_url":"https:\/\/scientia-amazonia.org\/index.php\/revisores\/ciencias-exatas\/","og_site_name":"Scientia Amazonia","article_modified_time":"2019-02-20T14:39:48+00:00","twitter_card":"summary_large_image","twitter_misc":{"Est. reading time":"2 minutes"},"schema":{"@context":"https:\/\/schema.org","@graph":[{"@type":"WebPage","@id":"https:\/\/scientia-amazonia.org\/index.php\/revisores\/ciencias-exatas\/","url":"https:\/\/scientia-amazonia.org\/index.php\/revisores\/ciencias-exatas\/","name":"Ci\u00eancias Exatas - Scientia Amazonia","isPartOf":{"@id":"https:\/\/scientia-amazonia.org\/#website"},"datePublished":"2019-02-20T14:39:47+00:00","dateModified":"2019-02-20T14:39:48+00:00","breadcrumb":{"@id":"https:\/\/scientia-amazonia.org\/index.php\/revisores\/ciencias-exatas\/#breadcrumb"},"inLanguage":"en-US","potentialAction":[{"@type":"ReadAction","target":["https:\/\/scientia-amazonia.org\/index.php\/revisores\/ciencias-exatas\/"]}]},{"@type":"BreadcrumbList","@id":"https:\/\/scientia-amazonia.org\/index.php\/revisores\/ciencias-exatas\/#breadcrumb","itemListElement":[{"@type":"ListItem","position":1,"name":"Home","item":"https:\/\/scientia-amazonia.org\/"},{"@type":"ListItem","position":2,"name":"Revisores","item":"https:\/\/scientia-amazonia.org\/index.php\/revisores\/"},{"@type":"ListItem","position":3,"name":"Ci\u00eancias Exatas"}]},{"@type":"WebSite","@id":"https:\/\/scientia-amazonia.org\/#website","url":"https:\/\/scientia-amazonia.org\/","name":"Scientia Amazonia","description":"Revista eletr\u00f4nica","publisher":{"@id":"https:\/\/scientia-amazonia.org\/#organization"},"potentialAction":[{"@type":"SearchAction","target":{"@type":"EntryPoint","urlTemplate":"https:\/\/scientia-amazonia.org\/?s={search_term_string}"},"query-input":"required name=search_term_string"}],"inLanguage":"en-US"},{"@type":"Organization","@id":"https:\/\/scientia-amazonia.org\/#organization","name":"Scientia Amazonia","url":"https:\/\/scientia-amazonia.org\/","logo":{"@type":"ImageObject","inLanguage":"en-US","@id":"https:\/\/scientia-amazonia.org\/#\/schema\/logo\/image\/","url":"https:\/\/scientia-amazonia.org\/wp-content\/uploads\/2021\/03\/logoScientia2.png","contentUrl":"https:\/\/scientia-amazonia.org\/wp-content\/uploads\/2021\/03\/logoScientia2.png","width":934,"height":100,"caption":"Scientia Amazonia"},"image":{"@id":"https:\/\/scientia-amazonia.org\/#\/schema\/logo\/image\/"}}]}},"_links":{"self":[{"href":"https:\/\/scientia-amazonia.org\/index.php\/wp-json\/wp\/v2\/pages\/1016"}],"collection":[{"href":"https:\/\/scientia-amazonia.org\/index.php\/wp-json\/wp\/v2\/pages"}],"about":[{"href":"https:\/\/scientia-amazonia.org\/index.php\/wp-json\/wp\/v2\/types\/page"}],"author":[{"embeddable":true,"href":"https:\/\/scientia-amazonia.org\/index.php\/wp-json\/wp\/v2\/users\/1"}],"replies":[{"embeddable":true,"href":"https:\/\/scientia-amazonia.org\/index.php\/wp-json\/wp\/v2\/comments?post=1016"}],"version-history":[{"count":1,"href":"https:\/\/scientia-amazonia.org\/index.php\/wp-json\/wp\/v2\/pages\/1016\/revisions"}],"predecessor-version":[{"id":1017,"href":"https:\/\/scientia-amazonia.org\/index.php\/wp-json\/wp\/v2\/pages\/1016\/revisions\/1017"}],"up":[{"embeddable":true,"href":"https:\/\/scientia-amazonia.org\/index.php\/wp-json\/wp\/v2\/pages\/16"}],"wp:attachment":[{"href":"https:\/\/scientia-amazonia.org\/index.php\/wp-json\/wp\/v2\/media?parent=1016"}],"curies":[{"name":"wp","href":"https:\/\/api.w.org\/{rel}","templated":true}]}}