{"id":1312,"date":"2020-05-14T21:15:50","date_gmt":"2020-05-14T21:15:50","guid":{"rendered":"https:\/\/scientia-amazonia.org\/?page_id=1312"},"modified":"2020-11-23T22:07:31","modified_gmt":"2020-11-23T22:07:31","slug":"numero-2","status":"publish","type":"page","link":"https:\/\/scientia-amazonia.org\/index.php\/2020-2\/numero-2\/","title":{"rendered":"N\u00famero 2"},"content":{"rendered":"\n<p><strong>Biotecnologia<\/strong><\/p>\n\n\n\n<p class=\"has-text-align-center\"><a href=\"https:\/\/scientia-amazonia.org\/wp-content\/uploads\/2020\/05\/v9-n2-B1-B13-2020.pdf\">Microorganisms associated with leaf-cutting ants: morphological profile and in vitro interactions<\/a> (In Portuguese)<\/p>\n\n\n\n<p class=\"has-text-align-center\">Maria Lucidalva Ribeiro de Sousa, Kelly Cristina da Silva Martins, Janaina da Costa Nogueira, Adriana Dantas Gonzaga de Freitas<\/p>\n\n\n\n<p><strong>Ci\u00eancias Agr\u00e1rias<\/strong><\/p>\n\n\n\n<p class=\"has-text-align-center\"><a href=\"https:\/\/scientia-amazonia.org\/wp-content\/uploads\/2020\/05\/v9-n2-CA1-CA10-2020.pdf\">Biometric relations between body dimensions and otolith of Cichla temensis Humboldt, 1821 of the middle Negro river basin<\/a> (In Portuguese)<\/p>\n\n\n\n<p class=\"has-text-align-center\">Marcos de Almeida Mereles, Raniere Garcez Costa Sousa, Chiara Lubich Cardoso Furtado, Carlos Edwar de Carvalho Freitas<\/p>\n\n\n\n<p class=\"has-text-align-center\"><a href=\"https:\/\/scientia-amazonia.org\/wp-content\/uploads\/2020\/05\/v9-n2-CA11-CA23-2020.pdf\">Evaluation of the fishing landing (2016-2017) in the municipality of L\u00e1brea, Amazonas, Brazil<\/a> (In Portuguese)<\/p>\n\n\n\n<p class=\"has-text-align-center\">Ana Cl\u00e1udia Souza da Silva, Vin\u00edcius Verona Carvalho Gon\u00e7alves, Therezinha de Jesus Pinto Fraxe, Raimundo Marcos de Souza Amorim, Marcondes Agostinho Gonzaga Junior, Aline Mour\u00e3o Ximenes<\/p>\n\n\n\n<p><strong>Ci\u00eancias Ambientais<\/strong><\/p>\n\n\n\n<p class=\"has-text-align-center\"><a href=\"https:\/\/scientia-amazonia.org\/wp-content\/uploads\/2020\/05\/v9-n2-CAm1-CAm12-2020.pdf\">Scientiometric analysis associated with the impact of Azadirachta Indica A. Juss (Neem) on the community of Anthophila (Bees)<\/a> (In Portuguese)<\/p>\n\n\n\n<p class=\"has-text-align-center\">Laura Almeida de Oliveira, Kellyane Karen Ferreira Aguiar Cesar, Daniel Silas Veras<\/p>\n\n\n\n<p class=\"has-text-align-center\"><a href=\"https:\/\/scientia-amazonia.org\/wp-content\/uploads\/2020\/05\/v9-n2-CAm28-CAm38-2020.pdf\">Participatory biomonitoring: a sensitization tool for conservation of urban areas<\/a> (In Portuguese)<\/p>\n\n\n\n<p class=\"has-text-align-center\">Lucas Pereira Moura, Guilherme Santana Lustosa, Daniel Silas Veras, Ricardo da Silva Carvalho<\/p>\n\n\n\n<p><strong>Ci\u00eancias Biol\u00f3gicas<\/strong><\/p>\n\n\n\n<p class=\"has-text-align-center\"><a href=\"https:\/\/scientia-amazonia.org\/wp-content\/uploads\/2020\/05\/v-9-n2-B1-B8-2020.pdf\">Sexual dimorphism of pupae of Aedes (Stegomyia) aegypti Linnaeus, 1762 and Aedes (Stegomyia) albopictus (Skuse, 1894) (Diptera: Culicidae)<\/a> (In Portuguese)<\/p>\n\n\n\n<p class=\"has-text-align-center\">Grafe Oliveira Pontes, William Ribeiro da Silva, Francisco Augusto da Silva Ferreira; Rosemary Aparecida Roque; Wanderli Pedro Tadei, Jo\u00e3o Ant\u00f4nio Cyrino Zequi, Nelson Ferreira F\u00e9, Ariane Barbosa de Freitas, Suzan Sim\u00f5es Vieira, Silvia C\u00e1ssia Brand\u00e3o Justiniano<\/p>\n\n\n\n<p class=\"has-text-align-center\"><a href=\"https:\/\/scientia-amazonia.org\/wp-content\/uploads\/2020\/05\/v9-n2-B9-B14-2020.pdf\">First occurrence of the invading gastropod Melanoides tuberculata (M\u00fcller, 1774) (Mollusca: Thiaridae) in the municipality of Ananindeua, Par\u00e1, Eastern Amazon<\/a> (In Portuguese)<\/p>\n\n\n\n<p class=\"has-text-align-center\">Jessica Nunes Franco, Hamilton Victor Paix\u00e3o de Freitas, Kaytson Michael Vila Nova de Vasconcelos, Weverton John Pinheiro dos Santos, Mara R\u00fabia Ferreira Barros, Rafael Anaisce das Chagas, Andrea Magalh\u00e3es Bezerra<\/p>\n\n\n\n<p class=\"has-text-align-center\"><a href=\"https:\/\/scientia-amazonia.org\/wp-content\/uploads\/2020\/05\/v9-n2-B15-B39-2020.pdf\">Ichthyocory: state of the art in climatic environments<\/a> (In Portuguese)<\/p>\n\n\n\n<p class=\"has-text-align-center\">Filipe Azevedo de Noronha, Veridiana Vizoni Scudeller, H\u00e9lio Beltr\u00e3o dos Anjos, Sara de Castro Loebens, Markus Leal, Daniel Oletino, Kedma Cristine Yamamoto<\/p>\n\n\n\n<p class=\"has-text-align-center\"><a href=\"https:\/\/scientia-amazonia.org\/wp-content\/uploads\/2020\/05\/v9-n2-B40-B56-2020.pdf\">Reproductive phenology and propagules characteristics of Vouacapoua americana Aubl<\/a> (In Portuguese)<\/p>\n\n\n\n<p class=\"has-text-align-center\">Mylena Assun\u00e7\u00e3o Batista, Ra\u00edrys Cravo Herrera, Karolina Motta de Campos, Lucas de Oliveira Lima, Hevely Ueda Silveira Prates, Roberto Cezar Lobo da Costa<\/p>\n\n\n\n<p><strong>Ci\u00eancias Exatas<\/strong><\/p>\n\n\n\n<p><a href=\"https:\/\/scientia-amazonia.org\/wp-content\/uploads\/2020\/05\/v9-n2-C1-C12-2020.pdf\">Concrete with partial replacement of fine aggregate of recycled glass<strong>.<\/strong><\/a> (In Portuguese)<\/p>\n\n\n\n<p class=\"has-text-align-center\">Pedro Felix Liotto, Genilson Pereira Santana<\/p>\n\n\n\n<p><strong>Ci\u00eancias da Sa\u00fade<\/strong><\/p>\n\n\n\n<p class=\"has-text-align-center\"><a href=\"https:\/\/scientia-amazonia.org\/wp-content\/uploads\/2020\/05\/v9-n2-CS1-CS12-2020.pdf\">Immunosuppression in renal transplantation and its main consequences: a systematic review<\/a> (In Portuguese)<\/p>\n\n\n\n<p class=\"has-text-align-center\">Victor Avelino de Almeida, Aracelly Fran\u00e7a Lu\u00eds, St\u00e9fani Ferreira de Oliveira, Pedro Jos\u00e9 Rolim Neto, Rosali Maria Ferreira da Silva<\/p>\n\n\n\n<p class=\"has-text-align-center\"><a href=\"https:\/\/scientia-amazonia.org\/wp-content\/uploads\/2020\/05\/v9-n2-CS13-CS19-2020.pdf\">Serological profile of hepatitis B infection in patients receiving chemotherapy for solid tumors at a cancer referral center in Manaus, northern Brazi<\/a>l (In English)<\/p>\n\n\n\n<p class=\"has-text-align-center\">Brunno Cidade de Lima, Gabriela Lissa Suzuki, Paulyne de Souza Viapiana, Larissa Lima Nascimento, Marco Antonio Cruz Rocha, Cristina Melo Rocha, William Hiromi Fuzita, Lia Mizobe Ono<\/p>\n\n\n\n<p class=\"has-text-align-center\"><a href=\"https:\/\/scientia-amazonia.org\/wp-content\/uploads\/2020\/05\/v9-n2-CS20-CS30-2020.pdf\">Cutaneous leishmaniasis: A review of Amazonian Plants as an alternative to combat this neglect<\/a> (In Portuguese)<\/p>\n\n\n\n<p class=\"has-text-align-center\">Marcos Daniel Borges Melo, Jatniel de Almeida Godinho J\u00fanior, Caroline Gomes Mac\u00eado<\/p>\n\n\n\n<p class=\"has-text-align-center\"><a href=\"https:\/\/scientia-amazonia.org\/wp-content\/uploads\/2020\/05\/v9-n2-CS31-CS39-2020.pdf\">Physical therapy assistance in neurological disorders in people living with hiv \/ aids associated with neurotoxoplasmosis: literature review<\/a> (In Portuguese)<\/p>\n\n\n\n<p class=\"has-text-align-center\">Brena Farias Pereira, Kamila Ximenes Botelho, Elton Ara\u00fajo da Silva, Tamilyn Alencar Fontes de Freitas, B\u00e1rbara Lira Bahia, Anath Raphaelle Cohen<\/p>\n\n\n\n<p class=\"has-text-align-center\"><a href=\"https:\/\/scientia-amazonia.org\/wp-content\/uploads\/2020\/05\/v9-n2-CS40-CS53-2020-1.pdf\">Pharmaceutical Care in Patients Submitted to Hemodialytic Therapy and the Impacts on the Clinical Outcomes<\/a> (In Portuguese)<\/p>\n\n\n\n<p class=\"has-text-align-center\">Arnon de Melo Andrade Junior, Maria Jos\u00e9 Ten\u00f3rio, Andr\u00e9 Luiz Moreira Domingues de Sousa, Thiago Douberin Da Silva, St\u00e9fani Ferreira de Oliveira, Keyla Emanuelle Ramos de Holanda, Pedro Jos\u00e9 Rolim Neto, Rosali Maria Ferreira da Silva<\/p>\n\n\n\n<p class=\"has-text-align-center\"><a href=\"https:\/\/scientia-amazonia.org\/wp-content\/uploads\/2020\/05\/v9-n2-CS54-CS64-2020.pdf\">Prevalence of head lice in children attending to at a public hospital in Uberlandia, Minas Gerais State, Brazil<\/a> (In Portuguese)<\/p>\n\n\n\n<p class=\"has-text-align-center\">J\u00e9ssica P. Santos, Raquel Borges-Moroni, J\u00falio Mendes, F\u00e1bio T. Moroni<\/p>\n\n\n\n<p class=\"has-text-align-center\"><a href=\"https:\/\/scientia-amazonia.org\/wp-content\/uploads\/2020\/05\/v9-n2-CS65-CS84-2020.pdf\">Survey of medicinal plants with crossed anti-hispanosoma activity<\/a> (In Portuguese)<\/p>\n\n\n\n<p class=\"has-text-align-center\">Natja Ara\u00fajo Alves, Michelline do Vale Maciel, Rafael Barros Gomes da C\u00e2mara<\/p>\n\n\n\n<p class=\"has-text-align-center\"><a href=\"https:\/\/scientia-amazonia.org\/wp-content\/uploads\/2020\/05\/v9-n2-CS85-CS97-2020.pdf\">Epidemiological survey on the index of overweight and\/or obesity in teachers of the state public network in the county of Coari &#8211; (AM) and its relationships with chronic non-transmittable diseases<\/a> (In Portuguese)<\/p>\n\n\n\n<p class=\"has-text-align-center\">Iandara de Menezes Mitouso, Waleska Gravena, Karoline Santana de Freitas<\/p>\n\n\n\n<p><strong>Educa\u00e7\u00e3o<\/strong><\/p>\n\n\n\n<p class=\"has-text-align-center\"><a href=\"https:\/\/scientia-amazonia.org\/wp-content\/uploads\/2020\/05\/v9-n2-E1-E14-2020.pdf\">Impacts of a Science Fair with low cost materials related to the CTSA approach<\/a> (In Portuguese)<\/p>\n\n\n\n<p class=\"has-text-align-center\">Francilayne Fonseca de Oliveira, Isabelly Silva de Carvalho, Cassiana Barreto Hygino Machado, &nbsp;Ronald dos Santos Merlim, Torquato Ferreira Pinheiro, Bruno Faria Fernandes<\/p>\n\n\n\n<p class=\"has-text-align-center\"><a href=\"https:\/\/scientia-amazonia.org\/wp-content\/uploads\/2020\/11\/v9-n2-E15-E27-2020.pdf\">Mathematics as a social tool to promote selective collection and sustainability in a northeastern municipality<\/a> (In Portuguese)<\/p>\n\n\n\n<p class=\"has-text-align-center\">Mateus Medeiros Gualberto, Larissa Tayse de Lima de Freitas, Ilauro de Souza Lima, Francisco Sib\u00e9rio Bezerra Albuquerque<\/p>\n","protected":false},"excerpt":{"rendered":"<p>Biotecnologia Microorganisms associated with leaf-cutting ants: morphological profile and in vitro interactions (In Portuguese) Maria Lucidalva Ribeiro de Sousa, Kelly Cristina da Silva Martins, Janaina da Costa Nogueira, Adriana Dantas Gonzaga de Freitas Ci\u00eancias Agr\u00e1rias [&hellip;]<\/p>\n","protected":false},"author":1,"featured_media":0,"parent":1212,"menu_order":0,"comment_status":"closed","ping_status":"closed","template":"","meta":{"_links_to":"","_links_to_target":""},"yoast_head":"<!-- This site is optimized with the Yoast SEO plugin v20.2.1 - https:\/\/yoast.com\/wordpress\/plugins\/seo\/ -->\n<title>N\u00famero 2 - Scientia Amazonia<\/title>\n<meta name=\"robots\" content=\"index, follow, max-snippet:-1, max-image-preview:large, max-video-preview:-1\" \/>\n<link rel=\"canonical\" href=\"https:\/\/scientia-amazonia.org\/index.php\/2020-2\/numero-2\/\" \/>\n<meta property=\"og:locale\" content=\"en_US\" \/>\n<meta property=\"og:type\" content=\"article\" \/>\n<meta property=\"og:title\" content=\"N\u00famero 2 - Scientia Amazonia\" \/>\n<meta property=\"og:description\" content=\"Biotecnologia Microorganisms associated with leaf-cutting ants: morphological profile and in vitro interactions (In Portuguese) Maria Lucidalva Ribeiro de Sousa, Kelly Cristina da Silva Martins, Janaina da Costa Nogueira, Adriana Dantas Gonzaga de Freitas Ci\u00eancias Agr\u00e1rias [&hellip;]\" \/>\n<meta property=\"og:url\" content=\"https:\/\/scientia-amazonia.org\/index.php\/2020-2\/numero-2\/\" \/>\n<meta property=\"og:site_name\" content=\"Scientia Amazonia\" \/>\n<meta property=\"article:modified_time\" content=\"2020-11-23T22:07:31+00:00\" \/>\n<meta name=\"twitter:card\" content=\"summary_large_image\" \/>\n<meta name=\"twitter:label1\" content=\"Est. reading time\" \/>\n\t<meta name=\"twitter:data1\" content=\"4 minutes\" \/>\n<script type=\"application\/ld+json\" class=\"yoast-schema-graph\">{\"@context\":\"https:\/\/schema.org\",\"@graph\":[{\"@type\":\"WebPage\",\"@id\":\"https:\/\/scientia-amazonia.org\/index.php\/2020-2\/numero-2\/\",\"url\":\"https:\/\/scientia-amazonia.org\/index.php\/2020-2\/numero-2\/\",\"name\":\"N\u00famero 2 - Scientia Amazonia\",\"isPartOf\":{\"@id\":\"https:\/\/scientia-amazonia.org\/#website\"},\"datePublished\":\"2020-05-14T21:15:50+00:00\",\"dateModified\":\"2020-11-23T22:07:31+00:00\",\"breadcrumb\":{\"@id\":\"https:\/\/scientia-amazonia.org\/index.php\/2020-2\/numero-2\/#breadcrumb\"},\"inLanguage\":\"en-US\",\"potentialAction\":[{\"@type\":\"ReadAction\",\"target\":[\"https:\/\/scientia-amazonia.org\/index.php\/2020-2\/numero-2\/\"]}]},{\"@type\":\"BreadcrumbList\",\"@id\":\"https:\/\/scientia-amazonia.org\/index.php\/2020-2\/numero-2\/#breadcrumb\",\"itemListElement\":[{\"@type\":\"ListItem\",\"position\":1,\"name\":\"Home\",\"item\":\"https:\/\/scientia-amazonia.org\/\"},{\"@type\":\"ListItem\",\"position\":2,\"name\":\"2020\",\"item\":\"https:\/\/scientia-amazonia.org\/index.php\/2020-2\/\"},{\"@type\":\"ListItem\",\"position\":3,\"name\":\"N\u00famero 2\"}]},{\"@type\":\"WebSite\",\"@id\":\"https:\/\/scientia-amazonia.org\/#website\",\"url\":\"https:\/\/scientia-amazonia.org\/\",\"name\":\"Scientia Amazonia\",\"description\":\"Revista eletr\u00f4nica\",\"publisher\":{\"@id\":\"https:\/\/scientia-amazonia.org\/#organization\"},\"potentialAction\":[{\"@type\":\"SearchAction\",\"target\":{\"@type\":\"EntryPoint\",\"urlTemplate\":\"https:\/\/scientia-amazonia.org\/?s={search_term_string}\"},\"query-input\":\"required name=search_term_string\"}],\"inLanguage\":\"en-US\"},{\"@type\":\"Organization\",\"@id\":\"https:\/\/scientia-amazonia.org\/#organization\",\"name\":\"Scientia Amazonia\",\"url\":\"https:\/\/scientia-amazonia.org\/\",\"logo\":{\"@type\":\"ImageObject\",\"inLanguage\":\"en-US\",\"@id\":\"https:\/\/scientia-amazonia.org\/#\/schema\/logo\/image\/\",\"url\":\"https:\/\/scientia-amazonia.org\/wp-content\/uploads\/2021\/03\/logoScientia2.png\",\"contentUrl\":\"https:\/\/scientia-amazonia.org\/wp-content\/uploads\/2021\/03\/logoScientia2.png\",\"width\":934,\"height\":100,\"caption\":\"Scientia Amazonia\"},\"image\":{\"@id\":\"https:\/\/scientia-amazonia.org\/#\/schema\/logo\/image\/\"}}]}<\/script>\n<!-- \/ Yoast SEO plugin. -->","yoast_head_json":{"title":"N\u00famero 2 - Scientia Amazonia","robots":{"index":"index","follow":"follow","max-snippet":"max-snippet:-1","max-image-preview":"max-image-preview:large","max-video-preview":"max-video-preview:-1"},"canonical":"https:\/\/scientia-amazonia.org\/index.php\/2020-2\/numero-2\/","og_locale":"en_US","og_type":"article","og_title":"N\u00famero 2 - Scientia Amazonia","og_description":"Biotecnologia Microorganisms associated with leaf-cutting ants: morphological profile and in vitro interactions (In Portuguese) Maria Lucidalva Ribeiro de Sousa, Kelly Cristina da Silva Martins, Janaina da Costa Nogueira, Adriana Dantas Gonzaga de Freitas Ci\u00eancias Agr\u00e1rias [&hellip;]","og_url":"https:\/\/scientia-amazonia.org\/index.php\/2020-2\/numero-2\/","og_site_name":"Scientia Amazonia","article_modified_time":"2020-11-23T22:07:31+00:00","twitter_card":"summary_large_image","twitter_misc":{"Est. reading time":"4 minutes"},"schema":{"@context":"https:\/\/schema.org","@graph":[{"@type":"WebPage","@id":"https:\/\/scientia-amazonia.org\/index.php\/2020-2\/numero-2\/","url":"https:\/\/scientia-amazonia.org\/index.php\/2020-2\/numero-2\/","name":"N\u00famero 2 - Scientia Amazonia","isPartOf":{"@id":"https:\/\/scientia-amazonia.org\/#website"},"datePublished":"2020-05-14T21:15:50+00:00","dateModified":"2020-11-23T22:07:31+00:00","breadcrumb":{"@id":"https:\/\/scientia-amazonia.org\/index.php\/2020-2\/numero-2\/#breadcrumb"},"inLanguage":"en-US","potentialAction":[{"@type":"ReadAction","target":["https:\/\/scientia-amazonia.org\/index.php\/2020-2\/numero-2\/"]}]},{"@type":"BreadcrumbList","@id":"https:\/\/scientia-amazonia.org\/index.php\/2020-2\/numero-2\/#breadcrumb","itemListElement":[{"@type":"ListItem","position":1,"name":"Home","item":"https:\/\/scientia-amazonia.org\/"},{"@type":"ListItem","position":2,"name":"2020","item":"https:\/\/scientia-amazonia.org\/index.php\/2020-2\/"},{"@type":"ListItem","position":3,"name":"N\u00famero 2"}]},{"@type":"WebSite","@id":"https:\/\/scientia-amazonia.org\/#website","url":"https:\/\/scientia-amazonia.org\/","name":"Scientia Amazonia","description":"Revista eletr\u00f4nica","publisher":{"@id":"https:\/\/scientia-amazonia.org\/#organization"},"potentialAction":[{"@type":"SearchAction","target":{"@type":"EntryPoint","urlTemplate":"https:\/\/scientia-amazonia.org\/?s={search_term_string}"},"query-input":"required name=search_term_string"}],"inLanguage":"en-US"},{"@type":"Organization","@id":"https:\/\/scientia-amazonia.org\/#organization","name":"Scientia Amazonia","url":"https:\/\/scientia-amazonia.org\/","logo":{"@type":"ImageObject","inLanguage":"en-US","@id":"https:\/\/scientia-amazonia.org\/#\/schema\/logo\/image\/","url":"https:\/\/scientia-amazonia.org\/wp-content\/uploads\/2021\/03\/logoScientia2.png","contentUrl":"https:\/\/scientia-amazonia.org\/wp-content\/uploads\/2021\/03\/logoScientia2.png","width":934,"height":100,"caption":"Scientia Amazonia"},"image":{"@id":"https:\/\/scientia-amazonia.org\/#\/schema\/logo\/image\/"}}]}},"_links":{"self":[{"href":"https:\/\/scientia-amazonia.org\/index.php\/wp-json\/wp\/v2\/pages\/1312"}],"collection":[{"href":"https:\/\/scientia-amazonia.org\/index.php\/wp-json\/wp\/v2\/pages"}],"about":[{"href":"https:\/\/scientia-amazonia.org\/index.php\/wp-json\/wp\/v2\/types\/page"}],"author":[{"embeddable":true,"href":"https:\/\/scientia-amazonia.org\/index.php\/wp-json\/wp\/v2\/users\/1"}],"replies":[{"embeddable":true,"href":"https:\/\/scientia-amazonia.org\/index.php\/wp-json\/wp\/v2\/comments?post=1312"}],"version-history":[{"count":27,"href":"https:\/\/scientia-amazonia.org\/index.php\/wp-json\/wp\/v2\/pages\/1312\/revisions"}],"predecessor-version":[{"id":1530,"href":"https:\/\/scientia-amazonia.org\/index.php\/wp-json\/wp\/v2\/pages\/1312\/revisions\/1530"}],"up":[{"embeddable":true,"href":"https:\/\/scientia-amazonia.org\/index.php\/wp-json\/wp\/v2\/pages\/1212"}],"wp:attachment":[{"href":"https:\/\/scientia-amazonia.org\/index.php\/wp-json\/wp\/v2\/media?parent=1312"}],"curies":[{"name":"wp","href":"https:\/\/api.w.org\/{rel}","templated":true}]}}