{"id":146,"date":"2016-06-09T19:42:37","date_gmt":"2016-06-09T19:42:37","guid":{"rendered":"https:\/\/scientia-amazonia.org\/?page_id=146"},"modified":"2016-06-10T18:21:49","modified_gmt":"2016-06-10T18:21:49","slug":"numero-3","status":"publish","type":"page","link":"https:\/\/scientia-amazonia.org\/index.php\/2014-2\/numero-3\/","title":{"rendered":"N\u00famero 3"},"content":{"rendered":"<p><a href=\"https:\/\/scientia-amazonia.org\/wp-content\/uploads\/2016\/06\/Editorial-n3-v3.pdf\">A EVOLU\u00c7\u00c3O DOS TRABALHOS PUBLICADOS<\/a><\/p>\n<p>Genilson Pereira Santana; Maria Cristina dos Santos<\/p>\n<p><a href=\"https:\/\/scientia-amazonia.org\/wp-content\/uploads\/2016\/06\/v3-n3-01-19-2014.pdf\">ANTICORPOS NATURAIS E AUTOANTICORPOS NA HANSEN\u00cdASE<\/a><\/p>\n<p>Sandra L\u00facia Euz\u00e9bio Ribeiro; Luiz Fernando Souza Passos; Maria Cristina dos-Santos<\/p>\n<p><a href=\"https:\/\/scientia-amazonia.org\/wp-content\/uploads\/2016\/06\/v3-n3-20-26-2014.pdf\">ATIVIDADE DE REPEL\u00caNCIA E FUMIG\u00c2NCIA DE TINTURAS DE CABELO CONTRA\u00a0PEDICULUS CAPITIS<\/a><\/p>\n<p>Suellen Cristina Barbosa Nunes; Raquel Borges Moroni; J\u00falio Mendes; Silvia Cassia Brand\u00e3o Justiniano e F\u00e1bio Tonissi Moroni.<\/p>\n<p><a href=\"https:\/\/scientia-amazonia.org\/wp-content\/uploads\/2016\/06\/v3-n3-27-31-2014.pdf\">AVALIA\u00c7\u00c3O DA QUALIDADE MICROBIOL\u00d3GICA DA \u00c1GUA CONSUMIDA PELA POPULA\u00c7\u00c3O DA REGI\u00c3O AMAZ\u00d4NICA UM ESTUDO DE CASOS NA ILHA DE MOSQUEIRO PA<\/a><\/p>\n<p>Karina Ferreira Castro Mesquita; Maria de Lourdes Souza Santos; Jos\u00e9 Almir Rodrigues Pereira; Beatriz Luna Figueiredo.<\/p>\n<p><a href=\"https:\/\/scientia-amazonia.org\/wp-content\/uploads\/2016\/06\/v3-n3-32-40-201.pdf\">ATIVIDADE REPELENTE DO EXTRATO ETAN\u00d3LICO DE ARRUDA\u00a0(RUTA GRAVEOLENS) CONTRA PIOLHO DE CABE\u00c7A (PEDICULUS CAPITIS)<\/a><\/p>\n<p>Raquel Borges Moroni;\u00a0Fhabianne Corr\u00eaa Bezerra;\u00a0J\u00falio\u00a0Mendes; F\u00e1bio Tonissi Moroni; Joselita Maria Mendes dos Santos; Juracy de Freitas Maia; Wanderli Pedro Tadei; S\u00edlvia C\u00e1ssia Brand\u00e3o Justiniano.<\/p>\n<p><a href=\"https:\/\/scientia-amazonia.org\/wp-content\/uploads\/2016\/06\/v3-n3-41-50-2014.pdf\">DENSIDADE DE ESTOCAGEM UTILIZADA NO DESENVOLVIMENTO DO TAMBAQUI EM FASE DE PR\u00c9-ENGORDA<\/a><\/p>\n<p>Bruna Lucieny Temponi Santos; Jose Edilson Andrade; Raniere Garcez Costa Sousa<\/p>\n<p><a href=\"https:\/\/scientia-amazonia.org\/wp-content\/uploads\/2016\/06\/v3-n3-51-58-2014.pdf\">ABORDAGEM ETNOBOT\u00c2NICA EM UMA EMPRESA DO POLO INDUSTRIAL DE MANAUS<\/a><\/p>\n<p>Cleidiane de Freitas Viegas;\u00a0Carlos Henrique Franciscon;\u00a0Maria da Paz Lima<\/p>\n<p><a href=\"https:\/\/scientia-amazonia.org\/wp-content\/uploads\/2016\/06\/v3-n3-59-71-2014.pdf\">FUNGOS TOXIG\u00caNICOS E MICOTOXINAS NA ALIMENTA\u00c7\u00c3O DE PEIXES: UMA REVIS\u00c3O<\/a><\/p>\n<p>H\u00e9rlon Mota Atayde; Ila Maria de Aguiar de Oliveira; Ant\u00f4nio Jos\u00e9 Inhamuns; Maria Francisca Simas Teixeira<\/p>\n<p><a href=\"https:\/\/scientia-amazonia.org\/wp-content\/uploads\/2016\/06\/v3-n3-72-79-2014.pdf\">LEISHMANIOSE TEGUMENTAR AMERICANA ASSOCIADA \u00c0 EXPOSI\u00c7\u00c3O OCUPACIONAL DE TRABALHADORES DA IND\u00daSTRIA PETROL\u00cdFERA NA AMAZ\u00d4NIA BRASILEIRA<\/a><\/p>\n<p>Priscilla Heckmann Alecrim; Jemmis Karters Tom\u00e9 da Concei\u00e7\u00e3o; Allyson Guimar\u00e3es da Costa; Jefferson Dantas dos Santos; Ricardo dos Santos Faria; Gleicilaine Aparecida Sena Casseb; Adriana Malheiro; Maur\u00edcio Borborema de Medeiros; Luzitano Brand\u00e3o Ferreira; Maria Izabel Ovellar Heckmann<\/p>\n<p><a href=\"https:\/\/scientia-amazonia.org\/wp-content\/uploads\/2016\/06\/v3-n3-80-88-2014.pdf\">SUBST\u00c2NCIAS H\u00daMICAS: IMPORT\u00c2NCIA; ESTRUTURAS QU\u00cdMICAS E INTERA\u00c7\u00c3O COM MERC\u00daRIO<\/a><\/p>\n<p>Wamber Broni de Souza; Genilson Pereira Santana<\/p>\n<p><a href=\"https:\/\/scientia-amazonia.org\/wp-content\/uploads\/2016\/06\/v3-n3-89-96-2014.pdf\">QSAR STUDY OF QUINOLINE METANOLS WITH ANTIMALARIAL ACTIVITY AGAINST\u00a0PLASMODIUM FALCIPARUM<\/a><\/p>\n<p>Carla dos Santos Duarte; Alberto dos Santos Marques; Yuji Takahata<\/p>\n<p><a href=\"https:\/\/scientia-amazonia.org\/wp-content\/uploads\/2016\/06\/v3-n3-97-105-2014.pdf\">DISTRIBUI\u00c7\u00c3O ESPACIAL DA QUALIDADE DA \u00c1GUA SUBTERR\u00c2NEA NA \u00c1REA URBANA DA CIDADE DE PORTO VELHO, ROND\u00d4NIA<\/a><\/p>\n<p>Ederson Rodinei Dantas Rodrigues; Igor Bruno Barbosa de Holanda; Dario Pires de Carvalho; Jos\u00e9 Vicente Elias Bernardi; Angelo Gilberto Manzatto; Wanderley Rodrigues Bastos<\/p>\n<p><a href=\"https:\/\/scientia-amazonia.org\/wp-content\/uploads\/2016\/06\/v3-n3-106-111-2014.pdf\">PREFER\u00caNCIAS E RESTRI\u00c7\u00d5ES ALIMENTARES DE MORADORES DO MUNIC\u00cdPIO DE JURU\u00c1, AMAZONAS<\/a><\/p>\n<p>Maria Alice da Silva; Paulo Henrique Rocha Aride; Suelen Miranda dos Santos; Rayza Lima Ara\u00fajo; Jackson Pantoja-Lima; Tony Marcos Porto Braga; Adriano Teixeira de Oliveira<\/p>\n","protected":false},"excerpt":{"rendered":"<p>A EVOLU\u00c7\u00c3O DOS TRABALHOS PUBLICADOS Genilson Pereira Santana; Maria Cristina dos Santos ANTICORPOS NATURAIS E AUTOANTICORPOS NA HANSEN\u00cdASE Sandra L\u00facia Euz\u00e9bio Ribeiro; Luiz Fernando Souza Passos; Maria Cristina dos-Santos ATIVIDADE DE REPEL\u00caNCIA E FUMIG\u00c2NCIA DE [&hellip;]<\/p>\n","protected":false},"author":1,"featured_media":0,"parent":140,"menu_order":0,"comment_status":"closed","ping_status":"closed","template":"","meta":{"_links_to":"","_links_to_target":""},"yoast_head":"<!-- This site is optimized with the Yoast SEO plugin v20.2.1 - https:\/\/yoast.com\/wordpress\/plugins\/seo\/ -->\n<title>N\u00famero 3 - Scientia Amazonia<\/title>\n<meta name=\"robots\" content=\"index, follow, max-snippet:-1, max-image-preview:large, max-video-preview:-1\" \/>\n<link rel=\"canonical\" href=\"https:\/\/scientia-amazonia.org\/index.php\/2014-2\/numero-3\/\" \/>\n<meta property=\"og:locale\" content=\"en_US\" \/>\n<meta property=\"og:type\" content=\"article\" \/>\n<meta property=\"og:title\" content=\"N\u00famero 3 - Scientia Amazonia\" \/>\n<meta property=\"og:description\" content=\"A EVOLU\u00c7\u00c3O DOS TRABALHOS PUBLICADOS Genilson Pereira Santana; Maria Cristina dos Santos ANTICORPOS NATURAIS E AUTOANTICORPOS NA HANSEN\u00cdASE Sandra L\u00facia Euz\u00e9bio Ribeiro; Luiz Fernando Souza Passos; Maria Cristina dos-Santos ATIVIDADE DE REPEL\u00caNCIA E FUMIG\u00c2NCIA DE [&hellip;]\" \/>\n<meta property=\"og:url\" content=\"https:\/\/scientia-amazonia.org\/index.php\/2014-2\/numero-3\/\" \/>\n<meta property=\"og:site_name\" content=\"Scientia Amazonia\" \/>\n<meta property=\"article:modified_time\" content=\"2016-06-10T18:21:49+00:00\" \/>\n<meta name=\"twitter:card\" content=\"summary_large_image\" \/>\n<meta name=\"twitter:label1\" content=\"Est. reading time\" \/>\n\t<meta name=\"twitter:data1\" content=\"2 minutes\" \/>\n<script type=\"application\/ld+json\" class=\"yoast-schema-graph\">{\"@context\":\"https:\/\/schema.org\",\"@graph\":[{\"@type\":\"WebPage\",\"@id\":\"https:\/\/scientia-amazonia.org\/index.php\/2014-2\/numero-3\/\",\"url\":\"https:\/\/scientia-amazonia.org\/index.php\/2014-2\/numero-3\/\",\"name\":\"N\u00famero 3 - Scientia Amazonia\",\"isPartOf\":{\"@id\":\"https:\/\/scientia-amazonia.org\/#website\"},\"datePublished\":\"2016-06-09T19:42:37+00:00\",\"dateModified\":\"2016-06-10T18:21:49+00:00\",\"breadcrumb\":{\"@id\":\"https:\/\/scientia-amazonia.org\/index.php\/2014-2\/numero-3\/#breadcrumb\"},\"inLanguage\":\"en-US\",\"potentialAction\":[{\"@type\":\"ReadAction\",\"target\":[\"https:\/\/scientia-amazonia.org\/index.php\/2014-2\/numero-3\/\"]}]},{\"@type\":\"BreadcrumbList\",\"@id\":\"https:\/\/scientia-amazonia.org\/index.php\/2014-2\/numero-3\/#breadcrumb\",\"itemListElement\":[{\"@type\":\"ListItem\",\"position\":1,\"name\":\"Home\",\"item\":\"https:\/\/scientia-amazonia.org\/\"},{\"@type\":\"ListItem\",\"position\":2,\"name\":\"2014\",\"item\":\"https:\/\/scientia-amazonia.org\/index.php\/2014-2\/\"},{\"@type\":\"ListItem\",\"position\":3,\"name\":\"N\u00famero 3\"}]},{\"@type\":\"WebSite\",\"@id\":\"https:\/\/scientia-amazonia.org\/#website\",\"url\":\"https:\/\/scientia-amazonia.org\/\",\"name\":\"Scientia Amazonia\",\"description\":\"Revista eletr\u00f4nica\",\"publisher\":{\"@id\":\"https:\/\/scientia-amazonia.org\/#organization\"},\"potentialAction\":[{\"@type\":\"SearchAction\",\"target\":{\"@type\":\"EntryPoint\",\"urlTemplate\":\"https:\/\/scientia-amazonia.org\/?s={search_term_string}\"},\"query-input\":\"required name=search_term_string\"}],\"inLanguage\":\"en-US\"},{\"@type\":\"Organization\",\"@id\":\"https:\/\/scientia-amazonia.org\/#organization\",\"name\":\"Scientia Amazonia\",\"url\":\"https:\/\/scientia-amazonia.org\/\",\"logo\":{\"@type\":\"ImageObject\",\"inLanguage\":\"en-US\",\"@id\":\"https:\/\/scientia-amazonia.org\/#\/schema\/logo\/image\/\",\"url\":\"https:\/\/scientia-amazonia.org\/wp-content\/uploads\/2021\/03\/logoScientia2.png\",\"contentUrl\":\"https:\/\/scientia-amazonia.org\/wp-content\/uploads\/2021\/03\/logoScientia2.png\",\"width\":934,\"height\":100,\"caption\":\"Scientia Amazonia\"},\"image\":{\"@id\":\"https:\/\/scientia-amazonia.org\/#\/schema\/logo\/image\/\"}}]}<\/script>\n<!-- \/ Yoast SEO plugin. -->","yoast_head_json":{"title":"N\u00famero 3 - Scientia Amazonia","robots":{"index":"index","follow":"follow","max-snippet":"max-snippet:-1","max-image-preview":"max-image-preview:large","max-video-preview":"max-video-preview:-1"},"canonical":"https:\/\/scientia-amazonia.org\/index.php\/2014-2\/numero-3\/","og_locale":"en_US","og_type":"article","og_title":"N\u00famero 3 - Scientia Amazonia","og_description":"A EVOLU\u00c7\u00c3O DOS TRABALHOS PUBLICADOS Genilson Pereira Santana; Maria Cristina dos Santos ANTICORPOS NATURAIS E AUTOANTICORPOS NA HANSEN\u00cdASE Sandra L\u00facia Euz\u00e9bio Ribeiro; Luiz Fernando Souza Passos; Maria Cristina dos-Santos ATIVIDADE DE REPEL\u00caNCIA E FUMIG\u00c2NCIA DE [&hellip;]","og_url":"https:\/\/scientia-amazonia.org\/index.php\/2014-2\/numero-3\/","og_site_name":"Scientia Amazonia","article_modified_time":"2016-06-10T18:21:49+00:00","twitter_card":"summary_large_image","twitter_misc":{"Est. reading time":"2 minutes"},"schema":{"@context":"https:\/\/schema.org","@graph":[{"@type":"WebPage","@id":"https:\/\/scientia-amazonia.org\/index.php\/2014-2\/numero-3\/","url":"https:\/\/scientia-amazonia.org\/index.php\/2014-2\/numero-3\/","name":"N\u00famero 3 - Scientia Amazonia","isPartOf":{"@id":"https:\/\/scientia-amazonia.org\/#website"},"datePublished":"2016-06-09T19:42:37+00:00","dateModified":"2016-06-10T18:21:49+00:00","breadcrumb":{"@id":"https:\/\/scientia-amazonia.org\/index.php\/2014-2\/numero-3\/#breadcrumb"},"inLanguage":"en-US","potentialAction":[{"@type":"ReadAction","target":["https:\/\/scientia-amazonia.org\/index.php\/2014-2\/numero-3\/"]}]},{"@type":"BreadcrumbList","@id":"https:\/\/scientia-amazonia.org\/index.php\/2014-2\/numero-3\/#breadcrumb","itemListElement":[{"@type":"ListItem","position":1,"name":"Home","item":"https:\/\/scientia-amazonia.org\/"},{"@type":"ListItem","position":2,"name":"2014","item":"https:\/\/scientia-amazonia.org\/index.php\/2014-2\/"},{"@type":"ListItem","position":3,"name":"N\u00famero 3"}]},{"@type":"WebSite","@id":"https:\/\/scientia-amazonia.org\/#website","url":"https:\/\/scientia-amazonia.org\/","name":"Scientia Amazonia","description":"Revista eletr\u00f4nica","publisher":{"@id":"https:\/\/scientia-amazonia.org\/#organization"},"potentialAction":[{"@type":"SearchAction","target":{"@type":"EntryPoint","urlTemplate":"https:\/\/scientia-amazonia.org\/?s={search_term_string}"},"query-input":"required name=search_term_string"}],"inLanguage":"en-US"},{"@type":"Organization","@id":"https:\/\/scientia-amazonia.org\/#organization","name":"Scientia Amazonia","url":"https:\/\/scientia-amazonia.org\/","logo":{"@type":"ImageObject","inLanguage":"en-US","@id":"https:\/\/scientia-amazonia.org\/#\/schema\/logo\/image\/","url":"https:\/\/scientia-amazonia.org\/wp-content\/uploads\/2021\/03\/logoScientia2.png","contentUrl":"https:\/\/scientia-amazonia.org\/wp-content\/uploads\/2021\/03\/logoScientia2.png","width":934,"height":100,"caption":"Scientia Amazonia"},"image":{"@id":"https:\/\/scientia-amazonia.org\/#\/schema\/logo\/image\/"}}]}},"_links":{"self":[{"href":"https:\/\/scientia-amazonia.org\/index.php\/wp-json\/wp\/v2\/pages\/146"}],"collection":[{"href":"https:\/\/scientia-amazonia.org\/index.php\/wp-json\/wp\/v2\/pages"}],"about":[{"href":"https:\/\/scientia-amazonia.org\/index.php\/wp-json\/wp\/v2\/types\/page"}],"author":[{"embeddable":true,"href":"https:\/\/scientia-amazonia.org\/index.php\/wp-json\/wp\/v2\/users\/1"}],"replies":[{"embeddable":true,"href":"https:\/\/scientia-amazonia.org\/index.php\/wp-json\/wp\/v2\/comments?post=146"}],"version-history":[{"count":3,"href":"https:\/\/scientia-amazonia.org\/index.php\/wp-json\/wp\/v2\/pages\/146\/revisions"}],"predecessor-version":[{"id":293,"href":"https:\/\/scientia-amazonia.org\/index.php\/wp-json\/wp\/v2\/pages\/146\/revisions\/293"}],"up":[{"embeddable":true,"href":"https:\/\/scientia-amazonia.org\/index.php\/wp-json\/wp\/v2\/pages\/140"}],"wp:attachment":[{"href":"https:\/\/scientia-amazonia.org\/index.php\/wp-json\/wp\/v2\/media?parent=146"}],"curies":[{"name":"wp","href":"https:\/\/api.w.org\/{rel}","templated":true}]}}