{"id":1916,"date":"2021-12-08T16:56:19","date_gmt":"2021-12-08T16:56:19","guid":{"rendered":"https:\/\/scientia-amazonia.org\/?page_id=1916"},"modified":"2021-12-11T22:05:56","modified_gmt":"2021-12-11T22:05:56","slug":"numero-4","status":"publish","type":"page","link":"https:\/\/scientia-amazonia.org\/index.php\/2021-2\/numero-4\/","title":{"rendered":"N\u00famero 4"},"content":{"rendered":"\n<p><strong>Biotecnologia<\/strong><\/p>\n\n\n\n<p class=\"has-text-align-center\"><a href=\"https:\/\/scientia-amazonia.org\/wp-content\/uploads\/2021\/12\/v10-n4-B1-B11-2021.pdf\">Efficacy of surface microbial decontamination of beer cans and cytotoxic activity of fungal isolates<\/a> (In English)<\/p>\n\n\n\n<p class=\"has-text-align-center\">Sulivan de Farias Rabelo, Charles Hiago Feitosa Silva, Marcos Diones Ferreira Santana, Taides Tavares dos Santos, H\u00e9rlon Mota Atayde<\/p>\n\n\n\n<p class=\"has-text-align-center\"><a href=\"https:\/\/scientia-amazonia.org\/wp-content\/uploads\/2021\/12\/v10-n4-B12-B19-2021.pdf\">Effect of vacuum packaging on shelf-life increase in tucum\u00e3 (Astrocaryum aculeatum) pulp chips<\/a> (In Portuguese)<\/p>\n\n\n\n<p class=\"has-text-align-center\">Giovanna Ranna Santos Tavares, Gustavo Bernardes Fanaro<\/p>\n\n\n\n<p><strong>Ci\u00eancias  Agr\u00e1rias<\/strong><\/p>\n\n\n\n<p class=\"has-text-align-center\"><a href=\"https:\/\/scientia-amazonia.org\/wp-content\/uploads\/2021\/12\/v10-n4-CA1-CA9-2021.pdf\">Toxicity evaluation of manipueira treated in biodigester in lettuce germination<\/a> (In Portuguese)<\/p>\n\n\n\n<p class=\"has-text-align-center\">Gislayne de Araujo Bitencourt, Jaine Pereira Flores, Artur Guerra Rosa, Marlon Diego Gonzalez, Roanita Iara Rockenbach<\/p>\n\n\n\n<p class=\"has-text-align-center\"><a href=\"https:\/\/scientia-amazonia.org\/wp-content\/uploads\/2021\/12\/v10-n4-CA10-CA23-2021.pdf\">Evaluation of the microbiological quality of Manihot esculenta Crantz gum commercialized in the city of Manaus, Amazonas state, Brazil<\/a> (In English)<\/p>\n\n\n\n<p class=\"has-text-align-center\">Nat\u00e1lia Lira Barboza, Erika Santiago da Silva, Lourdes Mylla Rocha Perdig\u00e3o, Antonia Queiroz Lima de Souza<\/p>\n\n\n\n<p class=\"has-text-align-center\"><a href=\"https:\/\/scientia-amazonia.org\/wp-content\/uploads\/2021\/12\/v10-n4-CA24-CA38-2021.pdf\">A\u00e7ai trees progenies selection by multivariate and graphical analysis influenced by seasonality <\/a>(In Portuguese)<\/p>\n\n\n\n<p class=\"has-text-align-center\">Gilberto Ken Iti Yokomizo, Jo\u00e3o Tom\u00e9 de Farias Neto, Kuang Hongyu, Francisco de Oliveira Cruz J\u00fanior<\/p>\n\n\n\n<p><strong>Ci\u00eancias Ambientais<\/strong><\/p>\n\n\n\n<p class=\"has-text-align-center\"><a href=\"https:\/\/scientia-amazonia.org\/wp-content\/uploads\/2021\/12\/v10-n4-CAm1-CAm12-2021.pdf\">Environmental education and recycling cooking oil for handmade soap in Manaquiri city-AM <\/a>(In Portuguese)<\/p>\n\n\n\n<p class=\"has-text-align-center\">Ana Caroline Ara\u00fajo Duarte da Silva, Klenicy Kazumy de Lima Yamaguchi<\/p>\n\n\n\n<p><strong>Ciencias Biol\u00f3gicas<\/strong><\/p>\n\n\n\n<p class=\"has-text-align-center\"><a href=\"https:\/\/scientia-amazonia.org\/wp-content\/uploads\/2021\/12\/v10-n4-B1-B13-2021.pdf\">Evaluation of the cytotoxic activity of the CA and CB fractions of the white variety venom of the Crotalus durissus ruruima snak <\/a>(In Portuguese)<\/p>\n\n\n\n<p class=\"has-text-align-center\">Vanessa Tavares Gomes, Patr\u00edcia Danielle Oliveira de Almeida, Consuelo Latorre Fortes Dias, Maria Cristina Dos Santos, Ilia Gilmara Carvalho dos Santos<\/p>\n\n\n\n<p><strong>Ci\u00eancias Exatas<\/strong><\/p>\n\n\n\n<p class=\"has-text-align-center\"><a href=\"https:\/\/scientia-amazonia.org\/wp-content\/uploads\/2021\/12\/v10-n4-C1-C11-2021.pdf\">Synthesis, Characterization and Determination of the Crystallinity Index of the Composite Expanded Vermiculite-Chitosan Beta<\/a> (In English)<\/p>\n\n\n\n<p class=\"has-text-align-center\">Mois\u00e9s da Costa Soares, Carlos Christiano Lima dos Santos, Francisco Ferreira Dantas Filho, Ilauro de Souza Lima (In English)<\/p>\n\n\n\n<p class=\"has-text-align-center\"><a href=\"https:\/\/scientia-amazonia.org\/wp-content\/uploads\/2021\/12\/v10-n4-C12-C19-2021.pdf\">Coupling Constructed Wetland and Electrochemical Reactor to Remediate Contaminated Water by Heavy metal<\/a> (In English)<\/p>\n\n\n\n<p class=\"has-text-align-center\">Alfredo Gomes de Sousa Neto, Neila de Almeida Braga, Genilson Pereira Santana<\/p>\n\n\n\n<p><strong>Ci\u00eancias da Sa\u00fade<\/strong><\/p>\n\n\n\n<p class=\"has-text-align-center\"><a href=\"https:\/\/scientia-amazonia.org\/wp-content\/uploads\/2021\/12\/v10-n4-CS1-CS14-2021.pdf\">Prevalence and factors correlated with low birth weight among live births in Amazonas, Brazil: a cross-sectional stud<\/a>y (In Portuguese)<\/p>\n\n\n\n<p class=\"has-text-align-center\">Andr\u00e9 Bento Chaves Santana, Grace Pfaffenbach Enfermeira, Regismeire Viana Lima, Dion\u00edsia Nagahama, Mayline Menezes da Mata, Tha\u00eds Rodrigues Nogueira, Amanda Forster Lopes<\/p>\n\n\n\n<p class=\"has-text-align-center\"><a href=\"https:\/\/scientia-amazonia.org\/wp-content\/uploads\/2021\/12\/v10-n4-CS15-CS27-2021.pdf\">Food and nutrition education actions for adolescents\u2019 health promotion in Brazil: a documental analysis of publications by the Brazilian Department of Health<\/a> (In Portuguese)<\/p>\n\n\n\n<p class=\"has-text-align-center\">Andr\u00e9 Bento Chaves Santana, Luciana Muniz Maciel, Grace Pfaffenbach<\/p>\n","protected":false},"excerpt":{"rendered":"<p>Biotecnologia Efficacy of surface microbial decontamination of beer cans and cytotoxic activity of fungal isolates (In English) Sulivan de Farias Rabelo, Charles Hiago Feitosa Silva, Marcos Diones Ferreira Santana, Taides Tavares dos Santos, H\u00e9rlon Mota [&hellip;]<\/p>\n","protected":false},"author":1,"featured_media":0,"parent":1684,"menu_order":0,"comment_status":"closed","ping_status":"closed","template":"","meta":{"_links_to":"","_links_to_target":""},"yoast_head":"<!-- This site is optimized with the Yoast SEO plugin v20.2.1 - https:\/\/yoast.com\/wordpress\/plugins\/seo\/ -->\n<title>N\u00famero 4 - Scientia Amazonia<\/title>\n<meta name=\"robots\" content=\"index, follow, max-snippet:-1, max-image-preview:large, max-video-preview:-1\" \/>\n<link rel=\"canonical\" href=\"https:\/\/scientia-amazonia.org\/index.php\/2021-2\/numero-4\/\" \/>\n<meta property=\"og:locale\" content=\"en_US\" \/>\n<meta property=\"og:type\" content=\"article\" \/>\n<meta property=\"og:title\" content=\"N\u00famero 4 - Scientia Amazonia\" \/>\n<meta property=\"og:description\" content=\"Biotecnologia Efficacy of surface microbial decontamination of beer cans and cytotoxic activity of fungal isolates (In English) Sulivan de Farias Rabelo, Charles Hiago Feitosa Silva, Marcos Diones Ferreira Santana, Taides Tavares dos Santos, H\u00e9rlon Mota [&hellip;]\" \/>\n<meta property=\"og:url\" content=\"https:\/\/scientia-amazonia.org\/index.php\/2021-2\/numero-4\/\" \/>\n<meta property=\"og:site_name\" content=\"Scientia Amazonia\" \/>\n<meta property=\"article:modified_time\" content=\"2021-12-11T22:05:56+00:00\" \/>\n<meta name=\"twitter:card\" content=\"summary_large_image\" \/>\n<meta name=\"twitter:label1\" content=\"Est. reading time\" \/>\n\t<meta name=\"twitter:data1\" content=\"2 minutes\" \/>\n<script type=\"application\/ld+json\" class=\"yoast-schema-graph\">{\"@context\":\"https:\/\/schema.org\",\"@graph\":[{\"@type\":\"WebPage\",\"@id\":\"https:\/\/scientia-amazonia.org\/index.php\/2021-2\/numero-4\/\",\"url\":\"https:\/\/scientia-amazonia.org\/index.php\/2021-2\/numero-4\/\",\"name\":\"N\u00famero 4 - Scientia Amazonia\",\"isPartOf\":{\"@id\":\"https:\/\/scientia-amazonia.org\/#website\"},\"datePublished\":\"2021-12-08T16:56:19+00:00\",\"dateModified\":\"2021-12-11T22:05:56+00:00\",\"breadcrumb\":{\"@id\":\"https:\/\/scientia-amazonia.org\/index.php\/2021-2\/numero-4\/#breadcrumb\"},\"inLanguage\":\"en-US\",\"potentialAction\":[{\"@type\":\"ReadAction\",\"target\":[\"https:\/\/scientia-amazonia.org\/index.php\/2021-2\/numero-4\/\"]}]},{\"@type\":\"BreadcrumbList\",\"@id\":\"https:\/\/scientia-amazonia.org\/index.php\/2021-2\/numero-4\/#breadcrumb\",\"itemListElement\":[{\"@type\":\"ListItem\",\"position\":1,\"name\":\"Home\",\"item\":\"https:\/\/scientia-amazonia.org\/\"},{\"@type\":\"ListItem\",\"position\":2,\"name\":\"2021\",\"item\":\"https:\/\/scientia-amazonia.org\/index.php\/2021-2\/\"},{\"@type\":\"ListItem\",\"position\":3,\"name\":\"N\u00famero 4\"}]},{\"@type\":\"WebSite\",\"@id\":\"https:\/\/scientia-amazonia.org\/#website\",\"url\":\"https:\/\/scientia-amazonia.org\/\",\"name\":\"Scientia Amazonia\",\"description\":\"Revista eletr\u00f4nica\",\"publisher\":{\"@id\":\"https:\/\/scientia-amazonia.org\/#organization\"},\"potentialAction\":[{\"@type\":\"SearchAction\",\"target\":{\"@type\":\"EntryPoint\",\"urlTemplate\":\"https:\/\/scientia-amazonia.org\/?s={search_term_string}\"},\"query-input\":\"required name=search_term_string\"}],\"inLanguage\":\"en-US\"},{\"@type\":\"Organization\",\"@id\":\"https:\/\/scientia-amazonia.org\/#organization\",\"name\":\"Scientia Amazonia\",\"url\":\"https:\/\/scientia-amazonia.org\/\",\"logo\":{\"@type\":\"ImageObject\",\"inLanguage\":\"en-US\",\"@id\":\"https:\/\/scientia-amazonia.org\/#\/schema\/logo\/image\/\",\"url\":\"https:\/\/scientia-amazonia.org\/wp-content\/uploads\/2021\/03\/logoScientia2.png\",\"contentUrl\":\"https:\/\/scientia-amazonia.org\/wp-content\/uploads\/2021\/03\/logoScientia2.png\",\"width\":934,\"height\":100,\"caption\":\"Scientia Amazonia\"},\"image\":{\"@id\":\"https:\/\/scientia-amazonia.org\/#\/schema\/logo\/image\/\"}}]}<\/script>\n<!-- \/ Yoast SEO plugin. -->","yoast_head_json":{"title":"N\u00famero 4 - Scientia Amazonia","robots":{"index":"index","follow":"follow","max-snippet":"max-snippet:-1","max-image-preview":"max-image-preview:large","max-video-preview":"max-video-preview:-1"},"canonical":"https:\/\/scientia-amazonia.org\/index.php\/2021-2\/numero-4\/","og_locale":"en_US","og_type":"article","og_title":"N\u00famero 4 - Scientia Amazonia","og_description":"Biotecnologia Efficacy of surface microbial decontamination of beer cans and cytotoxic activity of fungal isolates (In English) Sulivan de Farias Rabelo, Charles Hiago Feitosa Silva, Marcos Diones Ferreira Santana, Taides Tavares dos Santos, H\u00e9rlon Mota [&hellip;]","og_url":"https:\/\/scientia-amazonia.org\/index.php\/2021-2\/numero-4\/","og_site_name":"Scientia Amazonia","article_modified_time":"2021-12-11T22:05:56+00:00","twitter_card":"summary_large_image","twitter_misc":{"Est. reading time":"2 minutes"},"schema":{"@context":"https:\/\/schema.org","@graph":[{"@type":"WebPage","@id":"https:\/\/scientia-amazonia.org\/index.php\/2021-2\/numero-4\/","url":"https:\/\/scientia-amazonia.org\/index.php\/2021-2\/numero-4\/","name":"N\u00famero 4 - Scientia Amazonia","isPartOf":{"@id":"https:\/\/scientia-amazonia.org\/#website"},"datePublished":"2021-12-08T16:56:19+00:00","dateModified":"2021-12-11T22:05:56+00:00","breadcrumb":{"@id":"https:\/\/scientia-amazonia.org\/index.php\/2021-2\/numero-4\/#breadcrumb"},"inLanguage":"en-US","potentialAction":[{"@type":"ReadAction","target":["https:\/\/scientia-amazonia.org\/index.php\/2021-2\/numero-4\/"]}]},{"@type":"BreadcrumbList","@id":"https:\/\/scientia-amazonia.org\/index.php\/2021-2\/numero-4\/#breadcrumb","itemListElement":[{"@type":"ListItem","position":1,"name":"Home","item":"https:\/\/scientia-amazonia.org\/"},{"@type":"ListItem","position":2,"name":"2021","item":"https:\/\/scientia-amazonia.org\/index.php\/2021-2\/"},{"@type":"ListItem","position":3,"name":"N\u00famero 4"}]},{"@type":"WebSite","@id":"https:\/\/scientia-amazonia.org\/#website","url":"https:\/\/scientia-amazonia.org\/","name":"Scientia Amazonia","description":"Revista eletr\u00f4nica","publisher":{"@id":"https:\/\/scientia-amazonia.org\/#organization"},"potentialAction":[{"@type":"SearchAction","target":{"@type":"EntryPoint","urlTemplate":"https:\/\/scientia-amazonia.org\/?s={search_term_string}"},"query-input":"required name=search_term_string"}],"inLanguage":"en-US"},{"@type":"Organization","@id":"https:\/\/scientia-amazonia.org\/#organization","name":"Scientia Amazonia","url":"https:\/\/scientia-amazonia.org\/","logo":{"@type":"ImageObject","inLanguage":"en-US","@id":"https:\/\/scientia-amazonia.org\/#\/schema\/logo\/image\/","url":"https:\/\/scientia-amazonia.org\/wp-content\/uploads\/2021\/03\/logoScientia2.png","contentUrl":"https:\/\/scientia-amazonia.org\/wp-content\/uploads\/2021\/03\/logoScientia2.png","width":934,"height":100,"caption":"Scientia Amazonia"},"image":{"@id":"https:\/\/scientia-amazonia.org\/#\/schema\/logo\/image\/"}}]}},"_links":{"self":[{"href":"https:\/\/scientia-amazonia.org\/index.php\/wp-json\/wp\/v2\/pages\/1916"}],"collection":[{"href":"https:\/\/scientia-amazonia.org\/index.php\/wp-json\/wp\/v2\/pages"}],"about":[{"href":"https:\/\/scientia-amazonia.org\/index.php\/wp-json\/wp\/v2\/types\/page"}],"author":[{"embeddable":true,"href":"https:\/\/scientia-amazonia.org\/index.php\/wp-json\/wp\/v2\/users\/1"}],"replies":[{"embeddable":true,"href":"https:\/\/scientia-amazonia.org\/index.php\/wp-json\/wp\/v2\/comments?post=1916"}],"version-history":[{"count":15,"href":"https:\/\/scientia-amazonia.org\/index.php\/wp-json\/wp\/v2\/pages\/1916\/revisions"}],"predecessor-version":[{"id":1965,"href":"https:\/\/scientia-amazonia.org\/index.php\/wp-json\/wp\/v2\/pages\/1916\/revisions\/1965"}],"up":[{"embeddable":true,"href":"https:\/\/scientia-amazonia.org\/index.php\/wp-json\/wp\/v2\/pages\/1684"}],"wp:attachment":[{"href":"https:\/\/scientia-amazonia.org\/index.php\/wp-json\/wp\/v2\/media?parent=1916"}],"curies":[{"name":"wp","href":"https:\/\/api.w.org\/{rel}","templated":true}]}}